.
2, 3, 5, 13, 59, 139
What are the prime factors of 7255024?
2, 7, 211, 307
What are the prime factors of 144479?
144479
What are the prime factors of 4029000?
2, 3, 5, 17, 79
What are the prime factors of 480672?
2, 3, 1669
List the prime factors of 550073.
550073
What are the prime factors of 7639353?
3, 37, 2549
What are the prime factors of 4374079?
4374079
List the prime factors of 2462861.
179, 13759
List the prime factors of 1736518.
2, 7, 71, 1747
List the prime factors of 8966389.
23, 97, 4019
What are the prime factors of 1008152?
2, 126019
What are the prime factors of 6560282?
2, 19, 31, 5569
List the prime factors of 149678.
2, 67, 1117
What are the prime factors of 613248?
2, 3, 1597
List the prime factors of 280660.
2, 5, 14033
List the prime factors of 1099456.
2, 41, 419
What are the prime factors of 5903340?
2, 3, 5, 98389
What are the prime factors of 295614?
2, 3, 11, 1493
What are the prime factors of 1235263?
1235263
List the prime factors of 687858.
2, 3, 114643
What are the prime factors of 3088869?
3, 7, 147089
What are the prime factors of 5082718?
2, 157, 16187
What are the prime factors of 13650258?
2, 3, 2275043
What are the prime factors of 4396659?
3, 17, 86209
List the prime factors of 1269884.
2, 7, 11, 19, 31
List the prime factors of 27901636.
2, 7, 996487
List the prime factors of 487877.
13, 37529
List the prime factors of 4643396.
2, 113, 10273
List the prime factors of 33717244.
2, 11, 766301
List the prime factors of 2462626.
2, 1231313
What are the prime factors of 6082915?
5, 1216583
List the prime factors of 34533245.
5, 6906649
List the prime factors of 561416.
2, 70177
What are the prime factors of 7518572?
2, 1879643
List the prime factors of 370913.
73, 5081
What are the prime factors of 455599?
455599
What are the prime factors of 2402899?
17, 107, 1321
List the prime factors of 19063420.
2, 5, 953171
List the prime factors of 703179.
3, 23, 43, 79
What are the prime factors of 247411?
23, 31, 347
List the prime factors of 341043.
3, 79, 1439
What are the prime factors of 223048?
2, 7, 569
List the prime factors of 239098.
2, 119549
What are the prime factors of 227516?
2, 23, 2473
What are the prime factors of 560520?
2, 3, 5, 173
What are the prime factors of 2661360?
2, 3, 5, 13, 853
List the prime factors of 358339.
293, 1223
List the prime factors of 9849758.
2, 41, 113, 1063
List the prime factors of 42001909.
1031, 40739
List the prime factors of 9015360.
2, 3, 5, 9391
List the prime factors of 25576455.
3, 5, 1705097
List the prime factors of 81629.
81629
List the prime factors of 1262159.
239, 5281
List the prime factors of 19557004.
2, 17, 19, 15137
What are the prime factors of 446452?
2, 239, 467
List the prime factors of 3284062.
2, 1642031
What are the prime factors of 6924963?
3, 2308321
What are the prime factors of 242480?
2, 5, 7, 433
What are the prime factors of 34358?
2, 41, 419
What are the prime factors of 167202?
2, 3, 7, 1327
List the prime factors of 10650572.
2, 173, 15391
List the prime factors of 252714.
2, 3, 7, 11, 547
List the prime factors of 1852698.
2, 3, 43, 167
List the prime factors of 2895926.
2, 11, 139, 947
List the prime factors of 694240.
2, 5, 4339
What are the prime factors of 8609394?
2, 3, 19, 75521
List the prime factors of 213786.
2, 3, 37, 107
What are the prime factors of 197607?
3, 199, 331
List the prime factors of 422034.
2, 3, 31, 2269
List the prime factors of 5436.
2, 3, 151
What are the prime factors of 276142?
2, 138071
What are the prime factors of 26049289?
7, 3721327
List the prime factors of 17005269.
3, 101, 56123
What are the prime factors of 10562?
2, 5281
What are the prime factors of 2361671?
13, 181667
What are the prime factors of 1495402?
2, 71, 10531
What are the prime factors of 503861?
19, 23, 1153
What are the prime factors of 5354550?
2, 3, 5, 73, 163
List the prime factors of 4293962.
2, 17, 19, 23
List the prime factors of 1053821.
1053821
What are the prime factors of 10275489?
3, 7, 211, 773
List the prime factors of 1881656.
2, 7, 33601
What are the prime factors of 4421991?
3, 7, 43, 59, 83
List the prime factors of 129250.
2, 5, 11, 47
What are the prime factors of 5091559?
11, 29, 1451
What are the prime factors of 7086798?
2, 3, 263, 499
What are the prime factors of 663227?
509, 1303
What are the prime factors of 46051?
46051
What are the prime factors of 425714?
2, 17, 19, 659
What are the prime factors of 158401?
23, 71, 97
List the prime factors of 586263.
3, 73, 2677
What are the prime factors of 4396118?
2, 37, 59407
List the prime factors of 374034.
2, 3, 17, 19, 193
What are the prime factors of 553380?
2, 3, 5, 23, 401
What are the prime factors of 301752?
2, 3, 11, 127
What are the prime factors of 9562610?
2, 5, 956261
What are the prime factors of 1680770?
2, 5, 7, 13, 1847
List the prime factors of 54605.
5, 67, 163
What are the prime factors of 320664?
2, 3, 31, 431
List the prime factors of 484278.
2, 3, 80713
List the prime factors of 191049.
3, 43, 1481
What are the prime factors of 1401202?
2, 11, 63691
List the prime factors of 611662.
2, 23, 13297
List the prime factors of 192845.
5, 38569
List the prime factors of 3635988.
2, 3, 302999
List the prime factors of 3510975.
3, 5, 13, 277
List the prime factors of 395531.
23, 29, 593
What are the prime factors of 2134765?
5, 109, 3917
List the prime factors of 8307310.
2, 5, 11, 75521
What are the prime factors of 454881?
3, 7, 21661
List the prime factors of 336422.
2, 168211
List the prime factors of 5041089.
3, 186707
List the prime factors of 9635291.
9635291
List the prime factors of 1580879.
317, 4987
List the prime factors of 4546609.
4546609
What are the prime factors of 955324?
2, 241, 991
What are the prime factors of 39094?
2, 11, 1777
What are the prime factors of 2064988?
2, 516247
List the prime factors of 13918449.
3, 4639483
List the prime factors of 24448.
2, 191
What are the prime factors of 891261?
3, 7, 43, 47
List the prime factors of 13386045.
3, 5, 37, 89, 271
List the prime factors of 517059.
3, 73, 787
What are the prime factors of 1258696?
2, 43, 3659
What are the prime factors of 7624940?
2, 5, 461, 827
List the prime factors of 11266231.
1811, 6221
What are the prime factors of 7218125?
5, 11549
List the prime factors of 996043.
181, 5503
What are the prime factors of 57735?
3, 5, 1283
What are the prime factors of 3639383?
11, 330853
What are the prime factors of 668084?
2, 167021
What are the prime factors of 5043984?
2, 3, 11, 41, 233
List the prime factors of 5861728.
2, 19, 31, 311
List the prime factors of 18243.
3, 2027
List the prime factors of 7586257.
7, 367, 2953
List the prime factors of 4369542.
2, 3, 337, 2161
List the prime factors of 441139.
73, 6043
What are the prime factors of 2150096?
2, 13, 10337
List the prime factors of 6102279.
3, 379, 1789
What are the prime factors of 184744?
2, 7, 3299
List the prime factors of 26496116.
2, 2447, 2707
What are the prime factors of 596352?
2, 3, 1553
List the prime factors of 9213395.
5, 43, 42853
List the prime factors of 423342.
2, 3, 29, 811
What are the prime factors of 1310268?
2, 3, 137, 797
What are the prime factors of 1010621?
29, 34849
List the prime factors of 1641265.
5, 17, 19309
List the prime factors of 9986483.
13, 768191
What are the prime factors of 768974?
2, 384487
List the prime factors of 69129.
3, 7681
What are the prime factors of 11145663?
3, 1238407
List the prime factors of 7660964.
2, 1915241
What are the prime factors of 1279032?
2, 3, 137, 389
List the prime factors of 14769064.
2, 109, 16937
List the prime factors of 221564.
2, 7, 41, 193
What are the prime factors of 11336213?
7, 41, 39499
What are the prime factors of 9763952?
2, 11, 29, 1913
What are the prime factors of 91801?
91801
What are the prime factors of 201299?
7, 149, 193
List the prime factors of 468743.
11, 43, 991
What are the prime factors of 3639932?
2, 167, 5449
What are the prime factors of 3698249?
727, 5087
List the prime factors of 243997.
13, 137
List the prime factors of 963047.
963047
What are the prime factors of 2604062?
2, 31, 97, 433
What are the prime factors of 2732493?
3, 271, 3361
List the prime factors of 4725287.
7, 241, 2801
What are the